{"id":3086,"date":"2026-02-14T17:07:30","date_gmt":"2026-02-14T17:07:30","guid":{"rendered":"https:\/\/www.jeparquitecturayconstruccion.com\/?page_id=3086"},"modified":"2026-02-14T17:24:37","modified_gmt":"2026-02-14T17:24:37","slug":"area-industrial","status":"publish","type":"page","link":"https:\/\/www.jeparquitecturayconstruccion.com\/?page_id=3086","title":{"rendered":"\u00c1REA INDUSTRIAL"},"content":{"rendered":"<div class=\"wpb-content-wrapper\"><p>[vc_row][vc_column width=\u00bb1\/2&#8243;]<div class=\"mgt-header-block clearfix text-left text-black wpb_content_element  mgt-header-block-style-1 mgt-header-texttransform-none  vc_custom_1771089286293\"><h3 class=\"mgt-header-block-title\">\u00c1rea Industrial<\/h3><div class=\"mgt-header-line\"><\/div><\/div>[vc_column_text css=\u00bb\u00bb]<\/p>\n<ul>\n<li>Estilo de Minimalismo funcional a espacios como:<br \/>\n\u2022 F\u00e1bricas y Talleres<br \/>\n\u2022 Almacenes y Naves de Almacenamiento<br \/>\n\u2022 Centrales Energ\u00e9ticas Para albergar maquinaria pesada de producci\u00f3n de energ\u00eda.<br \/>\n\u2022 Silos y Estructuras de Almacenamiento Vertical Edificios especializados en la conservaci\u00f3n de granos, minerales o l\u00edquidos.<\/li>\n<\/ul>\n<p>[\/vc_column_text][\/vc_column][vc_column width=\u00bb1\/2&#8243;]<div class=\"mgt-header-block clearfix text-left text-black wpb_content_element  mgt-header-block-style-1 mgt-header-texttransform-none  vc_custom_1771089337910\"><h4 class=\"mgt-header-block-title\">Reutilizaci\u00f3n Adaptativa (Loft)<\/h4><div class=\"mgt-header-line\"><\/div><\/div>[vc_column_text css=\u00bb\u00bb]<\/p>\n<ul>\n<li>Transformaci\u00f3n de antiguas f\u00e1bricas o almacenes hist\u00f3ricos (siglos XIX-XX) en espacios residenciales, oficinas o centros culturales, manteniendo elementos estructurales originales.<\/li>\n<\/ul>\n<p>[\/vc_column_text][\/vc_column][\/vc_row][vc_row][vc_column width=\u00bb1\/3&#8243;][vc_single_image image=\u00bb3071&#8243; img_size=\u00bb300&#215;300&#8243; onclick=\u00bblink_image\u00bb css=\u00bb\u00bb][\/vc_column][vc_column width=\u00bb1\/3&#8243;][vc_single_image image=\u00bb3090&#8243; img_size=\u00bb300&#215;300&#8243; onclick=\u00bblink_image\u00bb css=\u00bb\u00bb][\/vc_column][vc_column width=\u00bb1\/3&#8243;][vc_single_image image=\u00bb3091&#8243; img_size=\u00bb300&#215;300&#8243; onclick=\u00bblink_image\u00bb css=\u00bb\u00bb][\/vc_column][\/vc_row]<\/p>\n<\/div>","protected":false},"excerpt":{"rendered":"<p>[vc_row][vc_column width=\u00bb1\/2&#8243;][vc_column_text css=\u00bb\u00bb] Estilo de Minimalismo funcional a espacios como: \u2022 F\u00e1bricas y Talleres \u2022 Almacenes y Naves de Almacenamiento \u2022 Centrales Energ\u00e9ticas Para albergar maquinaria pesada de producci\u00f3n de&#8230;<\/p>\n","protected":false},"author":1,"featured_media":0,"parent":0,"menu_order":0,"comment_status":"closed","ping_status":"closed","template":"","meta":{"pagelayer_contact_templates":[],"_pagelayer_content":"","footnotes":""},"class_list":["post-3086","page","type-page","status-publish","hentry"],"_links":{"self":[{"href":"https:\/\/www.jeparquitecturayconstruccion.com\/index.php?rest_route=\/wp\/v2\/pages\/3086","targetHints":{"allow":["GET"]}}],"collection":[{"href":"https:\/\/www.jeparquitecturayconstruccion.com\/index.php?rest_route=\/wp\/v2\/pages"}],"about":[{"href":"https:\/\/www.jeparquitecturayconstruccion.com\/index.php?rest_route=\/wp\/v2\/types\/page"}],"author":[{"embeddable":true,"href":"https:\/\/www.jeparquitecturayconstruccion.com\/index.php?rest_route=\/wp\/v2\/users\/1"}],"replies":[{"embeddable":true,"href":"https:\/\/www.jeparquitecturayconstruccion.com\/index.php?rest_route=%2Fwp%2Fv2%2Fcomments&post=3086"}],"version-history":[{"count":4,"href":"https:\/\/www.jeparquitecturayconstruccion.com\/index.php?rest_route=\/wp\/v2\/pages\/3086\/revisions"}],"predecessor-version":[{"id":3092,"href":"https:\/\/www.jeparquitecturayconstruccion.com\/index.php?rest_route=\/wp\/v2\/pages\/3086\/revisions\/3092"}],"wp:attachment":[{"href":"https:\/\/www.jeparquitecturayconstruccion.com\/index.php?rest_route=%2Fwp%2Fv2%2Fmedia&parent=3086"}],"curies":[{"name":"wp","href":"https:\/\/api.w.org\/{rel}","templated":true}]}}

ÁREA INDUSTRIAL

<div class="wpb-content-wrapper"><p>[vc_row][vc_column width=»1/2&#8243;]<div class="mgt-header-block clearfix text-left text-black wpb_content_element  mgt-header-block-style-1 mgt-header-texttransform-none  vc_custom_1771089286293"><h3 class="mgt-header-block-title">Área Industrial</h3><div class="mgt-header-line"></div></div>[vc_column_text css=»»]</p>
<ul>
<li>Estilo de Minimalismo funcional a espacios como:<br />
• Fábricas y Talleres<br />
• Almacenes y Naves de Almacenamiento<br />
• Centrales Energéticas Para albergar maquinaria pesada de producción de energía.<br />
• Silos y Estructuras de Almacenamiento Vertical Edificios especializados en la conservación de granos, minerales o líquidos.</li>
</ul>
<p>[/vc_column_text][/vc_column][vc_column width=»1/2&#8243;]<div class="mgt-header-block clearfix text-left text-black wpb_content_element  mgt-header-block-style-1 mgt-header-texttransform-none  vc_custom_1771089337910"><h4 class="mgt-header-block-title">Reutilización Adaptativa (Loft)</h4><div class="mgt-header-line"></div></div>[vc_column_text css=»»]</p>
<ul>
<li>Transformación de antiguas fábricas o almacenes históricos (siglos XIX-XX) en espacios residenciales, oficinas o centros culturales, manteniendo elementos estructurales originales.</li>
</ul>
<p>[/vc_column_text][/vc_column][/vc_row][vc_row][vc_column width=»1/3&#8243;][vc_single_image image=»3071&#8243; img_size=»300&#215;300&#8243; onclick=»link_image» css=»»][/vc_column][vc_column width=»1/3&#8243;][vc_single_image image=»3090&#8243; img_size=»300&#215;300&#8243; onclick=»link_image» css=»»][/vc_column][vc_column width=»1/3&#8243;][vc_single_image image=»3091&#8243; img_size=»300&#215;300&#8243; onclick=»link_image» css=»»][/vc_column][/vc_row]</p>
</div>

<p>[vc_row][vc_column width=»1/2&#8243;][vc_column_text css=»»] Estilo de Minimalismo funcional a espacios como: • Fábricas y Talleres • Almacenes y Naves de Almacenamiento • Centrales Energéticas Para albergar maquinaria pesada de producción de&#8230;</p>
