{"id":1378,"date":"2016-05-17T12:46:13","date_gmt":"2016-05-17T12:46:13","guid":{"rendered":"http:\/\/wp.magnium-themes.com\/thebuilt\/thebuilt-1\/?page_id=1378"},"modified":"2026-02-20T22:52:33","modified_gmt":"2026-02-20T22:52:33","slug":"company-history","status":"publish","type":"page","link":"https:\/\/www.jeparquitecturayconstruccion.com\/?page_id=1378","title":{"rendered":"Acerca de Nosotros"},"content":{"rendered":"<div class=\"wpb-content-wrapper\"><p>[vc_row][vc_column]<div class=\"mgt-header-block clearfix text-left text-black wpb_content_element  mgt-header-block-style-1 mgt-header-texttransform-none  vc_custom_1771018942972\"><h2 class=\"mgt-header-block-title\">Quienes Somos<\/h2><div class=\"mgt-header-line\"><\/div><\/div>[\/vc_column][\/vc_row][vc_row][vc_column][vc_column_text css=\u00bb\u00bb]<\/p>\n<p style=\"text-align: justify;\">Es una empresa especializada en el dise\u00f1o, construcci\u00f3n y mantenimiento de espacios Residenciales, Comerciales, Hoteler\u00eda, Salud, Oficinas, Cultural y Educaci\u00f3n. Contamos con un equipo altamente calificado y con m\u00e1s de 5 a\u00f1os de experiencia en el sector de la construcci\u00f3n, comprometido con ofrecer soluciones duraderas, est\u00e9ticas y funcionales.<\/p>\n<p>[\/vc_column_text][\/vc_column][\/vc_row][vc_row][vc_column]<div class=\"mgt-header-block clearfix text-left text-black wpb_content_element  mgt-header-block-style-1 mgt-header-texttransform-none  vc_custom_1771019139708\"><h2 class=\"mgt-header-block-title\">A\u00f1os de Fundaci\u00f3n<\/h2><div class=\"mgt-header-line\"><\/div><\/div>[\/vc_column][\/vc_row][vc_row][vc_column][vc_column_text css=\u00bb\u00bb]<\/p>\n<p style=\"text-align: justify;\">En la Empresa Jep, Arquitectura y Construcci\u00f3n, celebramos con orgullo un Quinquenio de trayectoria en el Dise\u00f1o y construcci\u00f3n de Viviendas unifamiliares, multifamiliares, hoteles, oficinas, teatros, parques y espacios industriales. Desde nuestra fundaci\u00f3n en el a\u00f1o de inicio: 2021, nos hemos consolidado como una empresa confiable, innovadora y comprometida con la calidad en cada proyecto.<\/p>\n<p>[\/vc_column_text][\/vc_column][\/vc_row][vc_row][vc_column]<div class=\"mgt-header-block clearfix text-left text-black wpb_content_element  mgt-header-block-style-1 mgt-header-texttransform-none  vc_custom_1771019421172\"><h2 class=\"mgt-header-block-title\">Misi\u00f3n<\/h2><div class=\"mgt-header-line\"><\/div><\/div>[\/vc_column][\/vc_row][vc_row][vc_column][vc_column_text css=\u00bb\u00bb]<\/p>\n<p style=\"text-align: justify;\">Somos una Oficina de Arquitectura, Dise\u00f1o y Construcci\u00f3n con vasta trayectoria de m\u00e1s de 5 a\u00f1os en el mercado especializada en el dise\u00f1o, construcci\u00f3n y mantenimiento de espacios Residenciales, Comerciales, Hoteler\u00eda, Salud, Oficinas, Cultural y Educaci\u00f3n, brindando seguridad, durabilidad y funcionalidad en cada proyecto. Trabajamos con responsabilidad, flexibilidad e innovaci\u00f3n, siempre comprometidos con la satisfacci\u00f3n de nuestros clientes en el \u00e1mbito p\u00fablico y privado, cumpliendo con los m\u00e1s altos est\u00e1ndares y el crecimiento sostenible del sector.<\/p>\n<p>[\/vc_column_text][\/vc_column][\/vc_row][vc_row][vc_column]<div class=\"mgt-header-block clearfix text-left text-black wpb_content_element  mgt-header-block-style-1 mgt-header-texttransform-none  vc_custom_1771019548059\"><h2 class=\"mgt-header-block-title\">Visi\u00f3n<\/h2><div class=\"mgt-header-line\"><\/div><\/div>[\/vc_column][\/vc_row][vc_row][vc_column][vc_column_text css=\u00bb\u00bb]<\/p>\n<p style=\"text-align: justify;\">Posicionarnos como la empresa l\u00edder en el norte Peruano en el dise\u00f1o, construcci\u00f3n y mantenimiento de espacios Residenciales, Comerciales, Hoteler\u00eda, Salud, Oficinas, Cultural y Educaci\u00f3n al 2035, consolidando nuestra innovaci\u00f3n, calidad, sostenibilidad, responsabilidad, acorde a los est\u00e1ndares internacionales<\/p>\n<p>[\/vc_column_text][\/vc_column][\/vc_row][vc_row][vc_column][vc_column_text css=\u00bb\u00bb]<\/p>\n<p style=\"text-align: justify;\">Posicionarnos como la empresa l\u00edder en el norte Peruano en el dise\u00f1o, construcci\u00f3n y mantenimiento de espacios Residenciales, Comerciales, Hoteler\u00eda, Salud, Oficinas, Cultural y Educaci\u00f3n al 2035, consolidando nuestra innovaci\u00f3n, calidad, sostenibilidad, responsabilidad, acorde a los est\u00e1ndares internacionales<\/p>\n<p>[\/vc_column_text][\/vc_column][\/vc_row][vc_row][vc_column]<div class=\"mgt-header-block clearfix text-left text-black wpb_content_element  mgt-header-block-style-1 mgt-header-texttransform-none  vc_custom_1771019700571\"><h2 class=\"mgt-header-block-title\">Nuestros Valores<\/h2><div class=\"mgt-header-line\"><\/div><\/div>[\/vc_column][\/vc_row][vc_row][vc_column][vc_column_text css=\u00bb\u00bb]<\/p>\n<p style=\"text-align: justify;\"><strong>Honestidad:<\/strong> Fomentamos la honestidad en cada una de nuestras acciones. Este valor gu\u00eda nuestro comportamiento, fortalece nuestro ambiente laboral y es el pilar de la confianza que construimos con cada cliente.<\/p>\n<p style=\"text-align: justify;\"><strong>Transparencia:<\/strong> Operamos con total transparencia. Para nosotros, esto significa ser claros y directos sobre nuestros servicios y decisiones, para que nuestros clientes sepan siempre qu\u00e9 esperar.<\/p>\n<p style=\"text-align: justify;\"><strong>Diversidad e Inclusi\u00f3n:<\/strong> Celebramos la diversidad de nuestro equipo en un ambiente de respeto y confianza. Esta cultura de unidad y positivismo se refleja en cada una de nuestras actividades, siempre orientadas a la satisfacci\u00f3n de nuestros usuarios.<\/p>\n<p style=\"text-align: justify;\"><strong>Diferenciaci\u00f3n:<\/strong> Nos dedicamos a innovar, adaptarnos y desarrollar soluciones sostenibles que creen una conexi\u00f3n significativa y respondan a los retos de nuestros clientes m\u00e1s exigentes.<\/p>\n<p style=\"text-align: justify;\"><strong>Orientaci\u00f3n al cliente:<\/strong> Consideramos a nuestros clientes el verdadero motor de nuestra empresa. Sus retos diarios son nuestra gu\u00eda para innovar y perfeccionarnos, con el \u00fanico fin de entregarles soluciones y productos de la m\u00e1s alta calidad.<\/p>\n<p style=\"text-align: justify;\"><strong>Responsabilidad Social:<\/strong> Nuestro compromiso va m\u00e1s all\u00e1 de nuestra actividad comercial. Asumimos la responsabilidad voluntaria de contribuir al bienestar social y a la protecci\u00f3n del medio ambiente, adoptando pr\u00e1cticas positivas que generen un impacto real en nuestra comunidad.<\/p>\n<p>[\/vc_column_text][\/vc_column][\/vc_row][vc_row][vc_column]<div class=\"mgt-header-block clearfix text-left text-black wpb_content_element  mgt-header-block-style-1 mgt-header-texttransform-none  vc_custom_1771447969582\"><h2 class=\"mgt-header-block-title\">Nuestra Identidad Gr\u00e1fica<\/h2><div class=\"mgt-header-line\"><\/div><\/div>[\/vc_column][\/vc_row][vc_row][vc_column width=\u00bb2\/3&#8243;][vc_column_text css=\u00bb\u00bb]<\/p>\n<p style=\"text-align: justify;\">El logo de la Empresa Jep, Arquitectura y Construcci\u00f3n nace como una representaci\u00f3n visual de nuestra identidad, creatividad, nuestros valores y el tipo de soluciones m\u00e1s innovadoras y sostenibles que ofrecemos. Inspirado en la pasi\u00f3n, dinamismo y sofisticado de nuestros proyectos, nuestro logo combina elementos que reflejan la Arquitectura funcional, la innovaci\u00f3n y la precisi\u00f3n en los detalles.<\/p>\n<p><strong>ELEMENTOS DE DISE\u00d1O:<\/strong><\/p>\n<ul>\n<li style=\"text-align: justify;\">Letras Verticales en Jenga: Simboliza nuestra creatividad, transparencia y diferenciaci\u00f3n en cada una de nuestras acciones. Esta forma de logo gu\u00eda nuestro comportamiento, fortalece nuestro ambiente laboral y es el pilar de la confianza que construimos con cada cliente.<\/li>\n<li style=\"text-align: justify;\">Letras Horizontales limpias y geom\u00e9tricas: Evocan precisi\u00f3n, jerarqu\u00eda y el enfoque t\u00e9cnico que aplicamos en cada proyecto.<\/li>\n<li style=\"text-align: justify;\">Colores Corporativos :<br \/>\nRojo: Asociado a la Pasi\u00f3n y Dinamismo Negro: Asociado a lo Sofisticado y Prestigio<\/li>\n<\/ul>\n<p>[\/vc_column_text][vc_separator css=\u00bb\u00bb][\/vc_column][vc_column width=\u00bb1\/3&#8243;][vc_single_image image=\u00bb3014&#8243; img_size=\u00bblarge\u00bb css=\u00bb\u00bb][\/vc_column][\/vc_row][vc_row][vc_column]<div class=\"mgt-header-block clearfix text-left text-black wpb_content_element  mgt-header-block-style-1 mgt-header-texttransform-none  vc_custom_1771446399189\"><h2 class=\"mgt-header-block-title\">Juan Espinoza Parrilla<\/h2><div class=\"mgt-header-line\"><\/div><\/div>[\/vc_column][\/vc_row][vc_row][vc_column width=\u00bb1\/4&#8243;][vc_single_image image=\u00bb3224&#8243; img_size=\u00bblarge\u00bb alignment=\u00bbright\u00bb css=\u00bb\u00bb][\/vc_column][vc_column width=\u00bb2\/3&#8243;][vc_column_text css=\u00bb\u00bb]Arquitecto CAP: 31709 \/ Mg. BIM Management \/<\/p>\n<p>Director General &amp; Director Creativo<\/p>\n<p>Nacido el 07 de noviembre de 1996<\/p>\n<p>&nbsp;<\/p>\n<p style=\"text-align: justify;\">Arquitecto peruano y fundador de Jep, Arquitectura y Construcci\u00f3n, con m\u00e1s de 5 a\u00f1os de ejercicio profesional en la construcci\u00f3n de viviendas de alta gama, as\u00ed como en proyectos residenciales, multifamiliares, institucionales, comerciales y de salud. Encabeza la visi\u00f3n estrat\u00e9gica y creativa desde el despacho, dirigiendo el dise\u00f1o arquitect\u00f3nico y la interacci\u00f3n con los clientes desde la etapa conceptual hasta la ejecuci\u00f3n, con enfoque en calidad, normativa y valor a largo plazo.<\/p>\n<p>[\/vc_column_text][\/vc_column][\/vc_row]<\/p>\n<\/div>","protected":false},"excerpt":{"rendered":"<p>[vc_row][vc_column][\/vc_column][\/vc_row][vc_row][vc_column][vc_column_text css=\u00bb\u00bb] Es una empresa especializada en el dise\u00f1o, construcci\u00f3n y mantenimiento de espacios Residenciales, Comerciales, Hoteler\u00eda, Salud, Oficinas, Cultural y Educaci\u00f3n. Contamos con un equipo altamente calificado y con&#8230;<\/p>\n","protected":false},"author":1,"featured_media":0,"parent":0,"menu_order":0,"comment_status":"closed","ping_status":"closed","template":"","meta":{"pagelayer_contact_templates":[],"_pagelayer_content":"","footnotes":""},"class_list":["post-1378","page","type-page","status-publish","hentry"],"_links":{"self":[{"href":"https:\/\/www.jeparquitecturayconstruccion.com\/index.php?rest_route=\/wp\/v2\/pages\/1378","targetHints":{"allow":["GET"]}}],"collection":[{"href":"https:\/\/www.jeparquitecturayconstruccion.com\/index.php?rest_route=\/wp\/v2\/pages"}],"about":[{"href":"https:\/\/www.jeparquitecturayconstruccion.com\/index.php?rest_route=\/wp\/v2\/types\/page"}],"author":[{"embeddable":true,"href":"https:\/\/www.jeparquitecturayconstruccion.com\/index.php?rest_route=\/wp\/v2\/users\/1"}],"replies":[{"embeddable":true,"href":"https:\/\/www.jeparquitecturayconstruccion.com\/index.php?rest_route=%2Fwp%2Fv2%2Fcomments&post=1378"}],"version-history":[{"count":23,"href":"https:\/\/www.jeparquitecturayconstruccion.com\/index.php?rest_route=\/wp\/v2\/pages\/1378\/revisions"}],"predecessor-version":[{"id":3241,"href":"https:\/\/www.jeparquitecturayconstruccion.com\/index.php?rest_route=\/wp\/v2\/pages\/1378\/revisions\/3241"}],"wp:attachment":[{"href":"https:\/\/www.jeparquitecturayconstruccion.com\/index.php?rest_route=%2Fwp%2Fv2%2Fmedia&parent=1378"}],"curies":[{"name":"wp","href":"https:\/\/api.w.org\/{rel}","templated":true}]}}